{"id":177,"date":"2024-01-29T17:40:23","date_gmt":"2024-01-29T16:40:23","guid":{"rendered":"https:\/\/cttgranollers.cat\/?page_id=177"},"modified":"2024-02-14T12:00:03","modified_gmt":"2024-02-14T11:00:03","slug":"historia","status":"publish","type":"page","link":"https:\/\/cttgranollers.cat\/?page_id=177","title":{"rendered":"HIST\u00d2RIA"},"content":{"rendered":"\n<p class=\"has-medium-font-size\">&nbsp;<strong>ELS OR\u00cdGENS<\/strong><\/p>\n\n\n\n<p class=\"has-medium-font-size\">Feia molt de temps que la creaci\u00f3 d\u2019un Club de Tennis Taula a Granollers estava en ment dels amants d\u2019aquest esport a la ciutat, que no s\u2019explicaven com a la capital del Vall\u00e8s Oriental, amb una amplia tradici\u00f3 esportiva, hi mancava el seu esport favorit. Els precedents quedaven ja molt enrere: <em>Ferreteries Garrell<\/em> i el <em>Club Casino Granollers<\/em> varen tenir seccions de tennis taula als anys 70 i 80; Durant els anys 80 un grup de joves jugadors de Les Franqueses varen fundar el Club 83 (1983-1987) que disputava els seus partits al Gimn\u00e0s de les Pistes d\u2019Atletisme. M\u00e9s recentment, <em>Granollers AMIBA,<\/em> de l\u2019associaci\u00f3 de persones amb minusv\u00e0lua (2000-2004), fou una secci\u00f3 que va comptar breument amb un equip de tennis taula federat. En una comarca plena de clubs de tennis taula, la mancan\u00e7a esportiva de la capital vallesana era flagrant.<\/p>\n\n\n\n<figure class=\"wp-block-image size-full is-resized\"><img loading=\"lazy\" decoding=\"async\" width=\"404\" height=\"267\" src=\"https:\/\/cttgranollers.cat\/wp-content\/uploads\/2024\/02\/Captura-de-pantalla-2024-02-06-a-las-9.35.01.png\" alt=\"\" class=\"wp-image-383\" style=\"width:438px;height:auto\" srcset=\"https:\/\/cttgranollers.cat\/wp-content\/uploads\/2024\/02\/Captura-de-pantalla-2024-02-06-a-las-9.35.01.png 404w, https:\/\/cttgranollers.cat\/wp-content\/uploads\/2024\/02\/Captura-de-pantalla-2024-02-06-a-las-9.35.01-300x198.png 300w\" sizes=\"auto, (max-width: 404px) 100vw, 404px\" \/><\/figure>\n\n\n\n<p class=\"has-small-font-size\"><em>Club 83<\/em> al Gimn\u00e0s de les Pistes d\u2019Atletisme de Granollers (1984). Joan Guti\u00e9rrez, actual entrenador del club, subjecta una pala.<\/p>\n\n\n\n<p class=\"has-medium-font-size\">David Selva havia viscut el tennis taula des de ben petit en una fam\u00edlia amb passi\u00f3 per aquest esport (l\u2019avi, el pare (<em>C.C.Sants<\/em>), la tieta (<em>A. Congr\u00e9s<\/em>). El mar\u00e7 de 2019, el granoller\u00ed i exjugador dels 8 de la Garriga durant molts anys, va crear i promoure la reivindicaci\u00f3 <strong>\u201cVolem un Club de Tennis Taula a Granollers\u201d<\/strong> a trav\u00e9s de la plataforma <em>change.org<\/em>. La causa r\u00e0pidament va rebre suports i es van recollir moltes signatures. Entre els signants destaca la pres\u00e8ncia de rellevants jugadors del tennis taula catal\u00e0, com es el cas de Joaquim Azcon, Jordi Gavin, Claudi Granados, Gabriela Feher, Manuel Carmona o Sof\u00eda Xuan Zhang. I personalitats de la comarca i la ciutat, com el regidor Enric Gisbert i Tom\u00e0s o la traductora Alexandra Pujol Skjonhaug. Selva va portar tamb\u00e9 el reclam a la premsa local i comarcal.<\/p>\n\n\n\n<figure class=\"wp-block-image size-full\"><img loading=\"lazy\" decoding=\"async\" width=\"446\" height=\"449\" src=\"https:\/\/cttgranollers.cat\/wp-content\/uploads\/2024\/02\/Captura-de-pantalla-2024-02-06-a-las-9.40.29.png\" alt=\"\" class=\"wp-image-384\" srcset=\"https:\/\/cttgranollers.cat\/wp-content\/uploads\/2024\/02\/Captura-de-pantalla-2024-02-06-a-las-9.40.29.png 446w, https:\/\/cttgranollers.cat\/wp-content\/uploads\/2024\/02\/Captura-de-pantalla-2024-02-06-a-las-9.40.29-298x300.png 298w, https:\/\/cttgranollers.cat\/wp-content\/uploads\/2024\/02\/Captura-de-pantalla-2024-02-06-a-las-9.40.29-150x150.png 150w\" sizes=\"auto, (max-width: 446px) 100vw, 446px\" \/><\/figure>\n\n\n\n<p class=\"has-medium-font-size\">Per tal de dur a la pr\u00e0ctica aquesta iniciativa,&nbsp; a partir de l\u2019abril es comencen a organitzar trobades de <strong><em>\u201cPing pong al parc\u201d<\/em><\/strong> als parcs i places de Granollers; pretenen ser el punt d\u2019encontre de tots els aficionats i curiosos del tennis taula.<\/p>\n\n\n\n<p class=\"has-medium-font-size\"><strong>ELS INICIS 2019-2020<\/strong><\/p>\n\n\n\n<p class=\"has-medium-font-size\">&nbsp;L\u2019activitat setmanal de <em>ping-pong al parc<\/em> es un \u00e8xit i acull aficionats de totes les edats i nivells ( durant el seu any i mig d\u2019exist\u00e8ncia hi participen una quarantena d\u2019aficionats i aficionades). Mica en mica es va consolidant un grup estable de participants amb ganes d\u2019avan\u00e7ar en el projecte. Despr\u00e9s de presentar la proposta a l\u2019Ajuntament, <strong>el juny de 2019 es formalitza l\u2019acta<\/strong>&nbsp;<\/p>\n\n\n\n<figure class=\"wp-block-image size-full\"><img loading=\"lazy\" decoding=\"async\" width=\"374\" height=\"279\" src=\"https:\/\/cttgranollers.cat\/wp-content\/uploads\/2024\/02\/Captura-de-pantalla-2024-02-06-a-las-9.43.16.png\" alt=\"\" class=\"wp-image-385\" srcset=\"https:\/\/cttgranollers.cat\/wp-content\/uploads\/2024\/02\/Captura-de-pantalla-2024-02-06-a-las-9.43.16.png 374w, https:\/\/cttgranollers.cat\/wp-content\/uploads\/2024\/02\/Captura-de-pantalla-2024-02-06-a-las-9.43.16-300x224.png 300w\" sizes=\"auto, (max-width: 374px) 100vw, 374px\" \/><\/figure>\n\n\n\n<p class=\"has-medium-font-size\"><strong>de constituci\u00f3 del futur club<\/strong>. Alexander Mesas, Jose Manuel Romero, Eduard Selva, Angelo Bonomelli i Xavier Villoro (jugador de categoria nacional del <em>Club Ciervo de Sabadell<\/em>) es converteixen en els seus membres fundadors, i David Selva es escollit president. Els darrers mesos de l\u2019any 2019 s\u2019avan\u00e7a en el projecte i es realitzen els tr\u00e0mits per a la constituci\u00f3 de l\u2019entitat, <strong>essent aprovada pel Consell Catal\u00e0 de l\u2019Esport el 3 de desembre de 2019<\/strong>. Aquella tardor de 2019 es van coneixent les persones que donaran el pas definitiu per a la creaci\u00f3 del club. Isidre Gil i Lista, emprenedor i gran aficionat als esports i en especial al tennis taula, practicat amb tota la fam\u00edlia habitualment, comparteix la mateixa idea que Selva i aviat es converteix en l\u2019altre ala del projecte. \u00c9s el primer vicepresident del Club. Llu\u00eds Reverter, gran coneixedor de la ciutat, es converteix en una pe\u00e7a clau de la direcci\u00f3: persona responsable i compromesa, mai falla en l\u2019organitzaci\u00f3 de les activitats del club. L\u2019altre pal de paller es Eduard Selva, pare del David, que des de el primer dia hi posa tota la seva dedicaci\u00f3 i esfor\u00e7, i veu proper un dels seus somnis de joventut.&nbsp;<\/p>\n\n\n\n<p class=\"has-medium-font-size\">L\u2019objectiu es ara trobar un espai adequat pel club. A principis de l\u2019any 2020, en converses avan\u00e7ades amb l\u2019Ajuntament, sembla que la fita es propera. Es llavors quan esclata la pand\u00e8mia de la <strong>COVID 19<\/strong>, aturant durant molt mesos les activitats del grup. Despr\u00e9s d\u2019un per\u00edode molt dif\u00edcil per a tots, <strong>el Club arrenca el 25 de setembre de 2020<\/strong> al segon pis del Palau D\u2019esports de Granollers, la seva nova seu d\u2019entrenament.<\/p>\n\n\n\n<p class=\"has-medium-font-size\"><strong>COMPETICIONS<\/strong><\/p>\n\n\n\n<figure class=\"wp-block-table\"><table><tbody><tr><td><em>&nbsp;Torneig Green Indoor Park<\/em><strong> (Febrer 2020)&nbsp;<\/strong><\/td><\/tr><tr><td><strong>Xavier Corominas (Els 8 de la Garriga)<\/strong><\/td><\/tr><tr><td><strong>Albert Corominas (Esl 8 de la Garriga)<\/strong><\/td><\/tr><tr><td><strong>Jose Manuel Romero<\/strong><\/td><\/tr><tr><td><strong>Nombre de participants: 12<\/strong><\/td><\/tr><\/tbody><\/table><\/figure>\n\n\n\n<figure class=\"wp-block-image size-large\"><img loading=\"lazy\" decoding=\"async\" width=\"1024\" height=\"766\" src=\"https:\/\/cttgranollers.cat\/wp-content\/uploads\/2024\/02\/primer-torneig-del-club-1024x766.jpg\" alt=\"\" class=\"wp-image-386\" srcset=\"https:\/\/cttgranollers.cat\/wp-content\/uploads\/2024\/02\/primer-torneig-del-club-1024x766.jpg 1024w, https:\/\/cttgranollers.cat\/wp-content\/uploads\/2024\/02\/primer-torneig-del-club-300x224.jpg 300w, https:\/\/cttgranollers.cat\/wp-content\/uploads\/2024\/02\/primer-torneig-del-club-768x574.jpg 768w, https:\/\/cttgranollers.cat\/wp-content\/uploads\/2024\/02\/primer-torneig-del-club-660x494.jpg 660w, https:\/\/cttgranollers.cat\/wp-content\/uploads\/2024\/02\/primer-torneig-del-club.jpg 1440w\" sizes=\"auto, (max-width: 1024px) 100vw, 1024px\" \/><\/figure>\n\n\n\n<p class=\"has-small-font-size\">Primer torneig celebrat pel club, encara sense seu oficial (Febrer de 2020)<\/p>\n","protected":false},"excerpt":{"rendered":"<p>&nbsp;ELS OR\u00cdGENS Feia molt de temps que la creaci\u00f3 d\u2019un Club de Tennis Taula a Granollers estava en ment dels amants d\u2019aquest esport a la ciutat, que no s\u2019explicaven com a la capital del Vall\u00e8s Oriental, amb una amplia tradici\u00f3 esportiva, hi mancava el seu esport favorit. Els precedents quedaven ja molt enrere: Ferreteries Garrell i el Club Casino Granollers varen tenir seccions de tennis taula als anys 70 i 80; Durant els anys 80 un grup de joves jugadors de Les Franqueses varen fundar el Club 83 (1983-1987) que disputava els seus partits al Gimn\u00e0s de les Pistes d\u2019Atletisme. M\u00e9s recentment, Granollers AMIBA, de l\u2019associaci\u00f3 de persones amb minusv\u00e0lua (2000-2004), fou una secci\u00f3 que va comptar breument amb un equip de tennis taula federat. En una comarca plena de clubs de tennis taula, la mancan\u00e7a esportiva de la capital vallesana era flagrant. Club 83 al Gimn\u00e0s de les Pistes d\u2019Atletisme de Granollers (1984). Joan Guti\u00e9rrez, actual entrenador del club, subjecta una pala. David Selva havia viscut el tennis taula des de ben petit en una fam\u00edlia amb passi\u00f3 per aquest esport (l\u2019avi, el pare (C.C.Sants), la tieta (A. Congr\u00e9s). El mar\u00e7 de 2019, el granoller\u00ed i exjugador dels 8 de la Garriga durant molts anys, va crear i promoure la reivindicaci\u00f3 \u201cVolem un Club de Tennis Taula a Granollers\u201d a trav\u00e9s de la plataforma change.org. La causa r\u00e0pidament va rebre suports i es van recollir moltes signatures. Entre els signants destaca la pres\u00e8ncia de rellevants jugadors del tennis taula catal\u00e0, com es el cas de Joaquim Azcon, Jordi Gavin, Claudi Granados, Gabriela Feher, Manuel Carmona o Sof\u00eda Xuan Zhang. I personalitats de la comarca i la ciutat, com el regidor Enric Gisbert i Tom\u00e0s o la traductora Alexandra Pujol Skjonhaug. Selva va portar tamb\u00e9 el reclam a la premsa local i comarcal. Per tal de dur a la pr\u00e0ctica aquesta iniciativa,&nbsp; a partir de l\u2019abril es comencen a organitzar trobades de \u201cPing pong al parc\u201d als parcs i places de Granollers; pretenen ser el punt d\u2019encontre de tots els aficionats i curiosos del tennis taula. ELS INICIS 2019-2020 &nbsp;L\u2019activitat setmanal de ping-pong al parc es un \u00e8xit i acull aficionats de totes les edats i nivells ( durant el seu any i mig d\u2019exist\u00e8ncia hi participen una quarantena d\u2019aficionats i aficionades). Mica en mica es va consolidant un grup estable de participants amb ganes d\u2019avan\u00e7ar en el projecte. Despr\u00e9s de presentar la proposta a l\u2019Ajuntament, el juny de 2019 es formalitza l\u2019acta&nbsp; de constituci\u00f3 del futur club. Alexander Mesas, Jose Manuel Romero, Eduard Selva, Angelo Bonomelli i Xavier Villoro (jugador de categoria nacional del Club Ciervo de Sabadell) es converteixen en els seus membres fundadors, i David Selva es escollit president. Els darrers mesos de l\u2019any 2019 s\u2019avan\u00e7a en el projecte i es realitzen els tr\u00e0mits per a la constituci\u00f3 de l\u2019entitat, essent aprovada pel Consell Catal\u00e0 de l\u2019Esport el 3 de desembre de 2019. Aquella tardor de 2019 es van coneixent les persones que donaran el pas definitiu per a la creaci\u00f3 del club. Isidre Gil i Lista, emprenedor i gran aficionat als esports i en especial al tennis taula, practicat amb tota la fam\u00edlia habitualment, comparteix la mateixa idea que Selva i aviat es converteix en l\u2019altre ala del projecte. \u00c9s el primer vicepresident del Club. Llu\u00eds Reverter, gran coneixedor de la ciutat, es converteix en una pe\u00e7a clau de la direcci\u00f3: persona responsable i compromesa, mai falla en l\u2019organitzaci\u00f3 de les activitats del club. L\u2019altre pal de paller es Eduard Selva, pare del David, que des de el primer dia hi posa tota la seva dedicaci\u00f3 i esfor\u00e7, i veu proper un dels seus somnis de joventut.&nbsp; L\u2019objectiu es ara trobar un espai adequat pel club. A principis de l\u2019any 2020, en converses avan\u00e7ades amb l\u2019Ajuntament, sembla que la fita es propera. Es llavors quan esclata la pand\u00e8mia de la COVID 19, aturant durant molt mesos les activitats del grup. Despr\u00e9s d\u2019un per\u00edode molt dif\u00edcil per a tots, el Club arrenca el 25 de setembre de 2020 al segon pis del Palau D\u2019esports de Granollers, la seva nova seu d\u2019entrenament. COMPETICIONS &nbsp;Torneig Green Indoor Park (Febrer 2020)&nbsp; Xavier Corominas (Els 8 de la Garriga) Albert Corominas (Esl 8 de la Garriga) Jose Manuel Romero Nombre de participants: 12 Primer torneig celebrat pel club, encara sense seu oficial (Febrer de 2020)<\/p>\n","protected":false},"author":1,"featured_media":0,"parent":668,"menu_order":2,"comment_status":"closed","ping_status":"closed","template":"","meta":{"ngg_post_thumbnail":0,"_EventAllDay":false,"_EventTimezone":"","_EventStartDate":"","_EventEndDate":"","_EventStartDateUTC":"","_EventEndDateUTC":"","_EventShowMap":false,"_EventShowMapLink":false,"_EventURL":"","_EventCost":"","_EventCostDescription":"","_EventCurrencySymbol":"","_EventCurrencyCode":"","_EventCurrencyPosition":"","_EventDateTimeSeparator":"","_EventTimeRangeSeparator":"","_EventOrganizerID":[],"_EventVenueID":[],"_OrganizerEmail":"","_OrganizerPhone":"","_OrganizerWebsite":"","_VenueAddress":"","_VenueCity":"","_VenueCountry":"","_VenueProvince":"","_VenueState":"","_VenueZip":"","_VenuePhone":"","_VenueURL":"","_VenueStateProvince":"","_VenueLat":"","_VenueLng":"","_VenueShowMap":false,"_VenueShowMapLink":false,"footnotes":""},"class_list":["post-177","page","type-page","status-publish","hentry"],"jetpack_sharing_enabled":true,"_links":{"self":[{"href":"https:\/\/cttgranollers.cat\/index.php?rest_route=\/wp\/v2\/pages\/177","targetHints":{"allow":["GET"]}}],"collection":[{"href":"https:\/\/cttgranollers.cat\/index.php?rest_route=\/wp\/v2\/pages"}],"about":[{"href":"https:\/\/cttgranollers.cat\/index.php?rest_route=\/wp\/v2\/types\/page"}],"author":[{"embeddable":true,"href":"https:\/\/cttgranollers.cat\/index.php?rest_route=\/wp\/v2\/users\/1"}],"replies":[{"embeddable":true,"href":"https:\/\/cttgranollers.cat\/index.php?rest_route=%2Fwp%2Fv2%2Fcomments&post=177"}],"version-history":[{"count":8,"href":"https:\/\/cttgranollers.cat\/index.php?rest_route=\/wp\/v2\/pages\/177\/revisions"}],"predecessor-version":[{"id":436,"href":"https:\/\/cttgranollers.cat\/index.php?rest_route=\/wp\/v2\/pages\/177\/revisions\/436"}],"up":[{"embeddable":true,"href":"https:\/\/cttgranollers.cat\/index.php?rest_route=\/wp\/v2\/pages\/668"}],"wp:attachment":[{"href":"https:\/\/cttgranollers.cat\/index.php?rest_route=%2Fwp%2Fv2%2Fmedia&parent=177"}],"curies":[{"name":"wp","href":"https:\/\/api.w.org\/{rel}","templated":true}]}}